digit of 1952?
5
What is the tens digit of 939?
3
What is the tens digit of 1965?
6
What is the tens digit of 48380?
8
What is the units digit of 5840?
0
What is the units digit of 4596?
6
What is the units digit of 2890?
0
What is the units digit of 14713?
3
What is the ten thousands digit of 19657?
1
What is the units digit of 891?
1
What is the units digit of 342?
2
What is the tens digit of 1665?
6
What is the units digit of 141374?
4
What is the ten thousands digit of 19884?
1
What is the tens digit of 3417?
1
What is the units digit of 13714?
4
What is the units digit of 1482?
2
What is the ten thousands digit of 38017?
3
What is the tens digit of 1149?
4
What is the tens digit of 1568?
6
What is the tens digit of 910?
1
What is the hundreds digit of 74770?
7
What is the hundreds digit of 554?
5
What is the hundreds digit of 11186?
1
What is the thousands digit of 51766?
1
What is the tens digit of 35877?
7
What is the ten thousands digit of 43658?
4
What is the hundreds digit of 42643?
6
What is the tens digit of 5709?
0
What is the tens digit of 262?
6
What is the units digit of 1754?
4
What is the hundreds digit of 1321?
3
What is the thousands digit of 18978?
8
What is the tens digit of 120?
2
What is the hundreds digit of 2169?
1
What is the tens digit of 224?
2
What is the hundreds digit of 3437?
4
What is the tens digit of 200?
0
What is the hundreds digit of 7342?
3
What is the tens digit of 257?
5
What is the hundreds digit of 2415?
4
What is the tens digit of 6302?
0
What is the units digit of 96550?
0
What is the ten thousands digit of 50029?
5
What is the thousands digit of 26157?
6
What is the units digit of 5993?
3
What is the tens digit of 992?
9
What is the tens digit of 122?
2
What is the hundreds digit of 5720?
7
What is the hundreds digit of 570?
5
What is the tens digit of 1325?
2
What is the hundreds digit of 921?
9
What is the thousands digit of 6274?
6
What is the thousands digit of 14202?
4
What is the hundred thousands digit of 103137?
1
What is the hundreds digit of 537?
5
What is the thousands digit of 5996?
5
What is the units digit of 923?
3
What is the units digit of 2285?
5
What is the tens digit of 109800?
0
What is the units digit of 8092?
2
What is the units digit of 614?
4
What is the ten thousands digit of 40535?
4
What is the units digit of 6136?
6
What is the thousands digit of 13534?
3
What is the tens digit of 919?
1
What is the hundreds digit of 26948?
9
What is the tens digit of 1290?
9
What is the tens digit of 7402?
0
What is the tens digit of 64052?
5
What is the ten thousands digit of 22291?
2
What is the hundreds digit of 105580?
5
What is the hundreds digit of 4349?
3
What is the ten thousands digit of 23131?
2
What is the tens digit of 33677?
7
What is the thousands digit of 1331?
1
What is the tens digit of 357?
5
What is the units digit of 7717?
7
What is the units digit of 12478?
8
What is the units digit of 6326?
6
What is the units digit of 43952?
2
What is the hundreds digit of 12805?
8
What is the units digit of 52677?
7
What is the tens digit of 30955?
5
What is the hundreds digit of 335?
3
What is the ten thousands digit of 22325?
2
What is the hundreds digit of 127281?
2
What is the units digit of 89?
9
What is the units digit of 1097?
7
What is the tens digit of 18483?
8
What is the thousands digit of 5420?
5
What is the tens digit of 2592?
9
What is the tens digit of 312?
1
What is the tens digit of 33571?
7
What is the units digit of 5200?
0
What is the thousands digit of 9617?
9
What is the tens digit of 3158?
5
What is the ten thousands digit of 62425?
6
What is the units digit of 2935?
5
What is the ten thousands digit of 37216?
3
What is the units digit of 44384?
4
What is the thousands digit of 12747?
2
What is the tens digit of 8717?
1
What is the units digit of 923?
3
What is the units digit of 850?
0
What is the hundreds digit of 85993?
9
What is the units digit of 9892?
2
What is the tens digit of 337?
3
What is the units digit of 5076?
6
What is the thousands digit of 1483?
1
What is the tens digit of 870?
7
What is the ten thousands digit of 11536?
1
What is the hundreds digit of 127767?
7
What is the hundreds digit of 8411?
4
What is the hundreds digit of 302?
3
What is the thousands digit of 1278?
1
What is the thousands digit of 1145?
1
What is the units digit of 4222?
2
What is the tens digit of 1956?
5
What is the thousands digit of 23542?
3
What is the units digit of 7755?
5
What is the units digit of 1389?
9
What is the ten thousands digit of 17721?
1
What is the units digit of 28362?
2
What is the tens digit of 51893?
9
What is the units digit of 348?
8
What is the tens digit of 9258?
5
What is the hundreds digit of 7606?
6
What is the tens digit of 6212?
1
What is the units digit of 1636?
6
What is the units digit of 109242?
2
What is the units digit of 23939?
9
What is the tens digit of 4127?
2
What is the thousands digit of 2761?
2
What is the hundreds digit of 81312?
3
What is the hundreds digit of 193507?
5
What is the units digit of 412?
2
What is the thousands digit of 3492?
3
What is the ten thousands digit of 69728?
6
What is the ten thousands digit of 17847?
1
What is the hundreds digit of 67296?
2
What is the tens digit of 28680?
8
What is the thousands digit of 3669?
3
What is the hundreds digit of 873?
8
What is the hundreds digit of 1388?
3
What is the hundreds digit of 97875?
8
What is the units digit of 7999?
9
What is the units digit of 1004?
4
What is the tens digit of 574?
7
What is the hundred thousands digit of 141083?
1
What is the thousands digit of 117545?
7
What is the tens digit of 3218?
1
What is the ten thousands digit of 118430?
1
What is the ten thousands digit of 45591?
4
What is the units digit of 26038?
8
What is the units digit of 642?
2
What is the tens digit of 32425?
2
What is the units digit of 12008?
8
What is the units digit of 1128?
8
What is the tens digit of 732?
3
What is the hundreds digit of 3941?
9
What is the units digit of 65533?
3
What is the units digit of 165839?
9
What is the units digit of 1358?
8
What is the tens digit of 3845?
4
What is the thousands digit of 11533?
1
What is the ten thousands digit of 10661?
1
What is the units digit of 1925?
5
What is the thousands digit of 25593?
5
What is the units digit of 9270?
0
What is the hundreds digit of 88241?
2
What is the hundreds digit of 1564?
5
What is the tens digit of 11198?
9
What is the ten thousands digit of 51426?
5
What is the thousands digit of 14229?
4
What is the tens digit of 1214?
1
What is the thousands digit of 17712?
7
What is the hundreds digit of 990?
9
What is the hundreds digit of 223?
2
What is the hundreds digit of 10015?
0
What is the thousands digit of 5389?
5
What is the tens digit of 34845?
4
What is the ten thousands digit of 17764?
1
What is the ten thousands digit of 131713?
3
What is the tens digit of 22581?
8
What is the hundreds digit of 58459?
4
What is the units digit of 9056?
6
What is the ten thousands digit of 23405?
2
What is the units digit of 933?
3
What is the units digit of 499?
9
What is the hundreds digit of 1383?
3
What is the ten thousands digit of 14058?
1
What is the hundreds digit of 2004?
0
What is the thousands digit of 4482?
4
What is the hundreds digit of 31418?
4
What is the ten thousands digit of 16994?
1
What is the units digit of 537?
7
What is the tens digit of 265?
6
What is the hundreds digit of 1679?
6
What is the tens digit of 119412?
1
What is the hundreds digit of 2349?
3
What is the units digit of 14820?
0
What is the units digit of 246?
6
What is the hundreds digit of 1976?
9
What is the hundreds digit of 253?
2
What is the tens digit of 16009?
0
What is the thousands digit of 1938?
1
What is the hundreds digit of 15238?
2
What is the hundreds digit of 3571?
5
What is the hundreds digit of 669?
6
What is the units digit of 508?
8
What is the thousands digit of 1729?
1
What is the tens digit of 3352?
5
What is the units digit of 5675?
5
What is the units digit of 42645?
5
What is the hundreds digit of 537?
5
What is the thousands digit of 22901?
2
What is the units digit of 73535?
5
What is the units digit of 19531?
1
What is the thousands digit of 16044?
6
What is the units digit of 3